of 259 and p.
37
Let d = -737 + 739. What is the greatest common divisor of 5 and d?
1
Suppose -t = 5*s - 84, -t = 6*s - 4*s - 72. What is the highest common divisor of 12 and t?
4
Let t be (4 + -8 + 1)/(-1). Let r be 201/t + 1 - 4. Suppose 3*f - r = g + 207, -4*f + 365 = -5*g. What is the highest common factor of f and 10?
10
Let w(q) = -q**3 - 4*q**2 + 9*q - 10. Let k be w(-6). What is the highest common divisor of k and 18?
2
Let d = -636 - -656. Calculate the greatest common divisor of 36 and d.
4
Let f be (4/(-12))/(5/(-165)). Let i = f + -9. Calculate the greatest common divisor of i and 8.
2
Let s(q) = 25*q - 38. Let w be s(6). What is the highest common factor of 32 and w?
16
Let i = -26 - -17. Let n be 2/i + (-1184)/(-144). Suppose c - b = b - 4, 0 = c + 2*b - n. Calculate the highest common divisor of 1 and c.
1
Let c = -19 - -19. Suppose 4*q = -3*r + 281, c = 4*q + 3 + 13. Calculate the highest common factor of 11 and r.
11
Let g(z) = 1 - 1 + 15*z**2 - 23*z - 1 + 17*z. Let b be g(2). What is the greatest common divisor of 141 and b?
47
Suppose 11308 - 2683 = 23*a. Calculate the highest common divisor of 150 and a.
75
Let x(m) = m + 39. Let q be x(49). What is the highest common factor of q and 66?
22
Let u = 176 - -129. Calculate the highest common factor of u and 5.
5
Let u = 108 + -129. Let m = u - -47. What is the greatest common factor of 117 and m?
13
Suppose 3*j + 29 = 4*t, 0 = 2*j + t + 2 - 1. Let g(n) = -2*n - 3. Let k be g(j). Suppose -o = -k*o + 4. What is the highest common divisor of 22 and o?
2
Suppose 56 = -2*k + 300. Calculate the highest common factor of 61 and k.
61
Let d = 17 + -5. Let t = -35 + 35. Suppose t = 3*a - 118 + 64. Calculate the highest common divisor of a and d.
6
Suppose z + 584 = 2*q, q + 8 = 2*z + 306. Let h = q - 146. Let g(n) = -38*n - 704. Let u be g(-19). Calculate the greatest common factor of u and h.
18
Let o(b) = 2*b + 1. Let l be o(2). Let v = 13 + 7. What is the greatest common divisor of l and v?
5
Let w = 32 - 24. Let t(p) = 3*p + 17. Let q be t(w). What is the highest common divisor of 164 and q?
41
Let r = -463 - -484. What is the highest common divisor of r and 420?
21
Let z be 77 + (5 - 4)*-2. Calculate the greatest common factor of 50 and z.
25
Let v be (0 + -1)*(-98)/2. Let j be (-47025)/(-6669) - (-2)/(-39). Calculate the greatest common divisor of j and v.
7
Let u(c) = c**2 + c + 7. Let j be u(-6). Let s(v) = -57*v + 125. Let k be s(-3). What is the greatest common factor of k and j?
37
Let h(r) = -r**3 - 9*r**2 - 10*r - 13. Let n be h(-8). Suppose 0 = -d - n*t - 1 + 3, 9 = 2*d + t. What is the highest common factor of 5 and d?
5
Let v(g) = 3*g**2 - 21*g - 171. Let m be v(-11). Calculate the greatest common factor of 94 and m.
47
Suppose 21*t + 45*t - 5544 = 0. Calculate the greatest common factor of 42 and t.
42
Let s be -27 - (4/(-14) + (-69)/(-21)). Let b be -2 - s - 4*6/8. Suppose n - 3 = 4*d - 40, -3 = -n. What is the greatest common factor of d and b?
5
Suppose x + 26 - 30 = 0. Suppose -72 = x*u - 324. Calculate the greatest common divisor of 7 and u.
7
Let i = 383 - 196. Let p = -95 + i. What is the highest common divisor of p and 23?
23
Let a = -420 + 428. What is the greatest common divisor of a and 4?
4
Suppose 2*p + z = 15, 4*z + 6 + 4 = -p. Suppose -5*r - 4*m + p + 7 = 0, 5*r = 2*m - 1. What is the greatest common divisor of r and 7?
1
Let h(c) = 4*c + 165. Let a be h(-33). Calculate the highest common factor of a and 55.
11
Let x(y) = -4*y + 16. Let q be x(4). Suppose 0 = 2*d - q*d - o - 56, 3*d = -3*o + 93. Calculate the highest common factor of 116 and d.
29
Suppose 0*r + 12 = 4*a + r, 4*a = -5*r + 12. Let n be -4 + (-74)/(-19) - (-624)/152. Calculate the greatest common factor of a and n.
1
Suppose 3*v + 8*o + 12 = 3*o, 5*o = 2*v - 17. Calculate the highest common factor of v and 13.
1
Let c be (-92 + (-5 - -6))*(-4)/14. Let d = 88 + -218. Let h be d/(-8)*(-4)/(-1). Calculate the greatest common factor of c and h.
13
Suppose -14 - 2 = -4*q. Suppose 6*a - 448 = -10*a. Let p be (-7)/a + 57/q. Calculate the greatest common divisor of 112 and p.
14
Let w(p) = -11*p**3 - p**2 + p + 1. Let c be (10 - 0)*8/(-20). Let h be (2 + c)*1 - -1. Let l be w(h). Calculate the highest common divisor of 2 and l.
2
Let y(q) = -q**3 - q**2 - q - 10. Let x be y(0). Let f be 4/x + (-17)/(-5). What is the greatest common divisor of f and 27?
3
Let k = 43 + -9. Let h(d) = -3*d + 7. Let w be h(-9). What is the highest common factor of k and w?
34
Suppose -2*c = -c - 74. Let u = c + -29. Calculate the greatest common factor of 5 and u.
5
Let d(s) = -s**3 + 7*s**2 - 5*s. Let a be d(6). Let m be ((-2)/a)/((-1)/24). Let l be (160/12*3)/1. Calculate the greatest common divisor of m and l.
8
Let u = -1 + 12. Suppose 5*w + 0*w = 90. Let d be ((-99)/w)/(2/(-4)). What is the greatest common divisor of u and d?
11
Let k be 77116/156 + 2/(-6). What is the greatest common factor of k and 78?
26
Let s be 39/(-4) - 2/8. Let z = 10 - s. Let y(h) = 7*h**3 + 6*h**2 - 2*h - 17. Let j be y(3). What is the highest common factor of z and j?
20
Let z = 85 - -62. Let h = 277 - z. Calculate the highest common divisor of h and 26.
26
Let n be -8 - -1 - (19 - 42). What is the greatest common factor of n and 336?
16
Let r(b) = -2*b**3 - 46*b**2 - 29*b - 43. Let y be r(-23). Calculate the greatest common divisor of y and 240.
48
Let b(p) = -p**2 + 17*p - 23. Let m be b(16). Let v = 9 - m. What is the greatest common divisor of 2 and v?
2
Let c be (23/23)/((-1)/5). Let h be -3 - 16/c - (-89)/5. Calculate the greatest common factor of 36 and h.
18
Suppose -5*j + 215 - 20 = 0. Suppose 3 - j = -g. Calculate the highest common divisor of 288 and g.
36
Let s = 65 - 93. Let v = s - -52. Calculate the greatest common factor of v and 8.
8
Let z(c) = -37*c + 1. Let b be z(-5). Suppose -84 = -6*u + b. Calculate the highest common factor of 9 and u.
9
Let b = -62 - 209. Let v(p) = -79*p - 1. Let d be v(2). Let g = d - b. What is the greatest common divisor of g and 16?
16
Suppose 25*l - 9935 = -1885. What is the highest common divisor of l and 14?
14
Let q(k) = -5*k**3 + 3*k + 2. Let h be q(-1). Suppose -h*g - 57 + 147 = -s, 5*s + 59 = 3*g. What is the greatest common divisor of 23 and g?
23
Suppose 6*r - r - 20 = 0. Let q(o) = -o**3 + 9*o**2 + 10*o + 5. Let y be q(10). Suppose -3 = y*t - 33. What is the greatest common divisor of r and t?
2
Suppose 0 = -2*j - 0 + 2. Let v be (-16*(-20)/8)/j. Calculate the greatest common divisor of 60 and v.
20
Suppose -5*x - 5*k + 380 = -10, 4*x - 3*k - 312 = 0. Let j = x + -26. Let f be (-210)/28*j/(-3). What is the highest common divisor of f and 52?
26
Let g(t) = 39*t + 487. Let f be g(-12). Let o = 41 + -22. What is the highest common divisor of f and o?
19
Let u(v) = v**3 + 3*v**2 + v - 9. Let f be u(3). Calculate the highest common divisor of 3 and f.
3
Suppose 0 = 5*s - 1 - 9, -4*x - 3*s = -314. Suppose 44 = -3*l + 7*l. Calculate the highest common factor of l and x.
11
Suppose 0*v + 19*v = 608. Calculate the highest common divisor of 16 and v.
16
Let m(q) = -11*q + 1. Let j be m(-3). Suppose 3*z - j + 13 = 0. Suppose 4*o - 60 = -p, -4*o - o + 86 = 4*p. What is the highest common divisor of o and z?
7
Let q(g) = -22*g - 78. Let x be q(-4). Suppose -4*u + s = 2*s + 817, 0 = 2*u - 2*s + 406. Let h = -124 - u. What is the greatest common divisor of h and x?
10
Suppose -237 = -20*a + 763. Suppose -3*i + 7*i - 300 = 0. Calculate the greatest common factor of i and a.
25
Suppose 2*p - 2*d = 230 + 10, 0 = -5*d - 15. Suppose -103 = -4*l + 53. What is the greatest common factor of l and p?
39
Let v = -10401 - -6072. Let y be 6/(-10) - v/15. Calculate the highest common factor of 36 and y.
36
Let z = -43 - -393. Calculate the highest common factor of 50 and z.
50
Let n(o) = 41*o**2 + o + 2. Let v(y) = -2*y**2 + 12*y - 1. Let t be v(6). Let z be n(t). What is the highest common divisor of 336 and z?
42
Let m be ((-8)/28)/((-3)/189). What is the greatest common factor of m and 2?
2
Let v = -4 - -9. Let h(c) = v - 2 - 1 + c + 0. Let g be h(5). What is the highest common factor of 49 and g?
7
Suppose -7*g - 128 = -9*g. Suppose f = -4*i + 20 + g, -68 = -3*i - 2*f. What is the highest common facto